9 - 4 - -21) + -4.
1
What is the value of (-20 - -16) + (-2 + 0 - (4 - 6))?
-4
What is the value of -3 + (-4 - -1) - 0 - (3 - -6)?
-15
Evaluate -2 + (2 - (-2 + 1)) + -258 + 257.
0
Calculate -18 + -2 + 12 - -16.
8
Calculate 100 + -70 - (23 + -1).
8
What is -34 + 0 + (7 - -8)?
-19
Calculate 1 - -39 - (17 + -29 + 28).
24
What is -4 + 12 + 0 - (5 + -13 + 7)?
9
Evaluate -4 + 9 + 3 + (0 - -7) + -20.
-5
What is -15 - ((44 - -4) + -44)?
-19
0 - (-2 + 6) - (-59 - -57)
-2
What is the value of (7 - 8 - 9) + 12?
2
Evaluate -13 + 4 + 14 - 4 - 5.
-4
What is the value of 6 + -15 + 26 - 12 - (0 - -9)?
-4
What is -3 + 11 + (1 - 8) + 11?
12
Evaluate 1 + (24 - (-14 - -25)).
14
Evaluate -2 + -8 + (-10 - 0 - -3) + 7.
-10
Evaluate (-1 - (4 - 12)) + 6 + -9.
4
Calculate -1 - (-36 + (-26 - -41)).
20
What is (-10 + (9 - 4) - (1 - 2)) + -1?
-5
What is the value of 19 - ((0 - (-6 - (-5 + -3))) + 8)?
13
20 + -1 + (8 - 12) - (29 + -24)
10
-60 + 73 + -19 + 1 + (-1 - -12)
6
What is the value of 15 + -29 - -2 - -6?
-6
Calculate 13 + -7 + -18 + 0 + 6 + -3.
-9
What is the value of -71 + 25 + 58 + -20?
-8
Evaluate 4 + 60 + -32 + -42.
-10
What is (-1 + -4 - -5) + -6 + (-42 - -49)?
1
What is 28 - (13 + 9) - -1?
7
Calculate -5 - (-3 + 4) - (4 + 10).
-20
What is the value of 2 + -5 + (9 - -9) + -35?
-20
What is the value of -26 - -34 - (-4 - -24)?
-12
What is (19 - (15 + 21)) + 4?
-13
What is 7 + 11 + (8 - 17) + -6?
3
Calculate (-16 - (7 - 10)) + -2.
-15
Evaluate (87 - 89 - ((-1 - 0) + 2)) + -5.
-8
Evaluate -1 - (7 + (-2 + -14 - -8) + -2).
2
(-2 - (-7 - (10 - 18))) + 10
7
What is -38 + (28 - 25 - -14)?
-21
Calculate -29 - 18 - -34 - -46.
33
Calculate -9 + 50 + 85 + -91.
35
What is 2 + -32 - (-63 - -27)?
6
What is -9 + -8 + 2 - 1 - -8?
-8
-9 + (-10 - -10) - -7
-2
Evaluate 5 + -5 + (-6 - (-1 - 2)) - 4.
-7
Calculate -52 + 20 + 2 + -9 + 4.
-35
Calculate (-1 - 1 - 0) + -87 + 80.
-9
Calculate 1 + -8 - ((-14 + 10 - -3) + 11).
-17
Calculate -8 + (5 - -2 - (20 - 10)).
-11
Calculate (-40 - (8 + -15)) + 6 - -15.
-12
Evaluate -76 - -102 - (9 - 4).
21
Evaluate (-4 - -1 - 4 - (-2 + -34)) + -4.
25
Calculate -52 + 7 - -24 - -16 - (-31 - -1).
25
(2 + 0 - 10) + 10
2
What is the value of 54 + 1 - (57 + -18 - 24)?
40
What is the value of 0 - 8 - (-75 + 63)?
4
Evaluate 56 - (27 + 24) - (4 - 0).
1
(11 + -6 + 1 - 26) + 61
41
What is -16 + 7 + -11 - -6?
-14
(-3 + 5 + -10 - (-20 + 12)) + -2
-2
Evaluate 9 - (22 + -26 - -4).
9
What is -3 - (-5 - -5) - (-4 + 1)?
0
Evaluate 6 - -1 - 10 - (-11 + 0).
8
What is the value of -7 + (-16 - -22 - (-1 - -7))?
-7
What is -1 + 0 + 10 + -3 + 4 + -20?
-10
Calculate -22 - (14 + -16 - 12) - (-12 - -1).
3
1 + -5 + 3 - (-3 - (-12 + 0))
-10
What is the value of 1 + 6 - (103 + -51 - 45)?
0
What is the value of 6 - 1 - (10 - (9 + -1)) - -3?
6
What is the value of 15 - (2 - (-19 + 16))?
10
Evaluate (5 - 0 - (3 - 17)) + 3.
22
Calculate 304 + -302 - (-2 - 0 - -22).
-18
What is the value of (3 - -5) + -7 + -2 + -1 + -8?
-10
-15 + 35 + -24 - 25
-29
-4 - (6 - -5 - 1 - (0 - -5))
-9
Evaluate 1 - 3 - (-154 + 153).
-1
(2 - -29) + -1 + -8 + 18 + 0
40
What is 8 - -3 - (-27 + 40 - 19)?
17
Evaluate (-16 - (-2 + 9)) + 10 + 20.
7
What is the value of -21 - (-9 - (-6 + (2 - 1)))?
-17
22 + -11 + -7 + (-5 - -2) - -7
8
4 + (-5 - -2) + 0 + (2 - -2)
5
What is the value of -27 + 53 - (0 - -5) - 7?
14
Calculate -21 - -20 - -5 - 3.
1
Calculate (-7 - 0) + 0 + -54 + 112 + -35.
16
Calculate -8 + (-12 - 5) + 9.
-16
Evaluate 7 + (1 - (12 + -1) - 5).
-8
7 + 3 - 26 - (1 + -6) - 7
-18
8 - ((0 - 10 - -5) + -2)
15
-2 + -1 + -4 - (-67 - -51)
9
Calculate -2 - -5 - (8 + -9 + (-7 - -11)).
0
Calculate -3 + 4 + -5 + 14 - -8.
18
Calculate 0 + -1 + (-3 - 2 - (3 - 5)).
-4
Evaluate (-1 - -1) + 43 + -51 + -10.
-18
Calculate -6 - ((11 - (5 + 1)) + -14) - -4.
7
Evaluate (12 - (-21 + 12)) + -20 + (16 - 2).
15
Calculate -10 - 1 - (13 - (3 - -12 - 8)).
-17
Calculate -1 + (-2 - -2 - 1 - (-8 - -7)).
-1
41 - (61 - (49 + -37))
-8
What is 1 + 0 - (-26 + (15 - 6))?
18
-1 + (9 - 0) + (20 - (-71 + 104))
-5
(3 - -14) + -24 - -12
5
Evaluate 1 + 2 + 1 + (-2 - -9) + -7.
4
What is -15 + 8 - (24 - 6)?
-25
What is -25 - (42 + -59 + 8 + 0)?
-16
Calculate -24 - ((3 - 0) + (12 - 9)).
-30
(23 - 30) + -1 - 15
-23
Evaluate (12 - (2 + 15)) + -5.
-10
Evaluate -23 + (-27 - (-83 - -19)).
14
Calculate 3 + 8 + -1 + (5 - 9).
6
What is -5 - 17 - -19 - -6?
3
What is -14 - (-6 + -2 + 8 + 7 + -9)?
-12
Calculate (1 - 0) + (10 - -4) + -13.
2
What is (-14 - 6) + 14 + (0 - -10)?
4
What is the value of (-5 - (-18 - (-7 - 0))) + -40?
-34
-14 + 2 + -4 + (3 - 1) + 4
-10
What is the value of (-9 - (-16 - -6)) + (13 - (-2 + 0))?
16
-25 - ((1 - -4) + (12 - 24)) - -5
-13
What is the value of (2 + 3 - 24) + 25?
6
What is the value of -6 + (25 - -2) - 33?
-12
What is -16 + 9 + 0 - (1 - 1)?
-7
Evaluate -7 + 0 + -1 + 10 + (-5 - -3).
0
What is the value of 20 - (-9 + -5 + 19)?
15
What is the value of 2 + -7 - (7 - 15 - -7)?
-4
Evaluate -1 + -9 - (-13 - -15 - 9).
-3
Evaluate 3 - ((-8 - -11) + 6) - -5.
-1
What is -4 - -5 - 7 - (5 + -7 + 1)?
-5
(1 - (17 - 16 - -2)) + -19
-21
What is -1 + -22 - (-1 + -6 + (221 - 214))?
-23
18 - (10 - (9 - (13 + -7)))
11
-1 + 0 - -2 - (-74 + 78)
-3
Calculate 12 - -1 - (0 + 12 - (12 - 2)).
11
What is -5 + 2 + -2 + (14 + -18 - 8)?
-17
What is -12 + 10 + 5 + -9 + -5?
-11
Calculate (-3 - 1) + 6 - 13 - -1.
-10
Evaluate (0 - (7 + -6)) + (-15 - -26).
10
What is the value of 0 + 16 + ((2 - 3) + -6 - -3)?
12
Evaluate 2 - 2 - -4 - 4 - (14 - 18).
4
What is the value of -19 + -1 + 1 + (50 - 53 - -4)?
-18
Evaluate 0 - -2 - (8 + -16 + (2 - -3)).
5
What is the value of (0 - 5 - -11) + (-11 - -16 - 6)?
5
Evaluate (-16 + 1 - -20 - 11) + (-3 - -13).
4
What is -5 - -3 - ((-8 - -2) + -6) - 37?
-27
Calculate -5 + (5 - (0 + -4) - (-4 - -5)).
3
What is (-38 - (-29 - 5)) + -25?
-29
Evaluate -25 + 32 - (15 + -2 + -6).
0
What is -7 + -26 + 16 + 36?
19
Calculate -18 + 2 + -30 + 17 + -2.
-31
What is the value of 4 + -47 - -39 - (0 + -7 - 0)?
3
0 - -6 - ((-2 - 9) + 1 + 15)
1
What is (3 + 31 - 26) + -9?
-1
10 + 5 - 14 - (17 + 4)
-20
-25 + 1 - (650 - 682)
8
What is the value of 12 - (16 + -9 - 1)?
6
What is 56 + 30 + -12 - 42?
32
What is -2 + 8 + -2 - (-7 + 29 + -6)?
-12
What is -32 + 17 - -12 - (1 + -5 - 0)?
1
Evaluate 3 - (-6 - (-21 + 2)) - 23.
-33
What is the value of (14 - 4 - 20) + 8?
-2
(-1 - 7) + -16 + 21 + -16
-19
Calculate (18 - 20 - (4 + 0)) + 13 + -1.
6
Calculate -34 + 1 + -161 + 185.
-9
What is -7 + -8 - (3 - 1) - (-5 - -1)?
-13
What is the value of 11 + -2 - (-1 - (5 + -14))?
1
Evaluate (12 - 0) + 117 + -119.
10
What is 0 + (11 - 2) - (-48 - -63)?
-6
Evaluate (-1 + 1 - 2 - (-84 + 80)) + -5.
-3
What is -2 + (73 + -78 - (-1 + 2))?
-8
Evaluate 16 + -14 + -9 + 2.
-5
3 + -11 + (-59 - -69)
2
0 + 5 - (-14 + (10 - 21 - -14))
16
Calculate 4 + (5 - ((-2 - -6) + -3 + 2)).
6
-31 - -4 - (-22 + 7)
-12
What is -22 + 59 + -10 + -35?
-8
What is the value of -3 + (-8 - -2) + (-3 - (5 + -4))?
-13
Calculate 4 + -2 + 2 + 6 + -15.
-5
(-367 - -363) + 0 + 2 + 0 + 14
12
-56 - -15 - (-14 + 2 - 2)
-27
What is -16 + 1 - ((23 - 29) + 7 + -6)?
-10
What is the value of (-1 - -2) + (-178 - -166)?
-11
Calculate 28 - (-12 + (39 - 9)).
10
What is 12 + 10 + -11 + 6 + -4 + -9?
4
What is the value of (-32 - 33 - -14) + 36?
-15
-11 - (19 - 11 - 22)
3
What is the value of -201 + 205 + (1 + -1 - (-10 - 4))?
18
Evaluate (-3 - 6 - -12) + (4 - 2).
5
What is the value of 34 - 3 - 3 - (15 - 4)?
17
What is the value of 29 - (32 + 7 - 15)?
5
What is the value of 49 - (4 - (-3 - 25))?
17
What is -6 + -5 + 13 + 13?
15
Calculate -7 + 5 + ((-5 - -2) + 9 - 1).
3
(22 - 8) + 2 - 7
9
Calculate 10 + (7 - 3 - 6 - 1) + 11.
18
What is the value of -18 + 8 + (-15 - -12)?
-13
What is -2 - (-10 + 2 - (8 + -6 - 3))?
5
2 + 1 + (41 - 55)
-11
-7 + (11 - (-5 - -14))
-5
What is the value of 381 - 388 - (-1 - -22)?
-28
What is (-5 - 1 - -59) + -24?
29
Evaluate (-25 - (-11 + -9 + 10)) + -7.
-22
What is the value of -11 + -6 + 20 - (2 + 7)?
-6
What is 2 - (0 - -2) - (71 + (-93 - -43))?
-21
What is 2 - 1 - (-7 - (21 + -28))?
1
Calculate (-25 - -22) + 4 + -1 + 12.
12
3 - (-5 - -6) - (16 - 15)
1
7 + 0 - (-5 - (-11 + 7))
8
What is the value of (-1 - (-28 - -14)) + -2 - -14?
25
Calculate -46 + 3 - (-29 + 9 - -2).
-25
What is the value of 